{"id":20,"date":"2020-02-07T19:34:03","date_gmt":"2020-02-07T19:34:03","guid":{"rendered":"http:\/\/vissay.com\/?page_id=20"},"modified":"2020-02-09T17:12:15","modified_gmt":"2020-02-09T17:12:15","slug":"music","status":"publish","type":"page","link":"https:\/\/vissay.com\/?page_id=20","title":{"rendered":"music"},"content":{"rendered":"\n<hr class=\"wp-block-separator\"\/>\n\n\n\n<h4>MV Toi da sai\/I was wrong<\/h4>\n\n\n\n<figure class=\"wp-block-embed-youtube wp-block-embed is-type-video is-provider-youtube wp-embed-aspect-16-9 wp-has-aspect-ratio\"><div class=\"wp-block-embed__wrapper\">\n<iframe loading=\"lazy\" title=\"T\u00f4i \u0110\u00e3 Sai (16+) | Vissay ft. Kimmese | Yeah1 Superstar (Offical Music Video)\" width=\"990\" height=\"557\" src=\"https:\/\/www.youtube.com\/embed\/LtD_be8w7YI?feature=oembed\" frameborder=\"0\" allow=\"accelerometer; autoplay; clipboard-write; encrypted-media; gyroscope; picture-in-picture\" allowfullscreen><\/iframe>\n<\/div><\/figure>\n\n\n\n<h4>MV Thang Dien\/The crazy man<\/h4>\n\n\n\n<figure class=\"wp-block-embed-youtube wp-block-embed is-type-video is-provider-youtube wp-embed-aspect-16-9 wp-has-aspect-ratio\"><div class=\"wp-block-embed__wrapper\">\n<iframe loading=\"lazy\" title=\"TH\u1eb0NG \u0110I\u00caN | JUSTATEE x PH\u01af\u01a0NG LY | OFFICIAL MV\" width=\"990\" height=\"557\" src=\"https:\/\/www.youtube.com\/embed\/HXkh7EOqcQ4?feature=oembed\" frameborder=\"0\" allow=\"accelerometer; autoplay; clipboard-write; encrypted-media; gyroscope; picture-in-picture\" allowfullscreen><\/iframe>\n<\/div><\/figure>\n\n\n\n<h4>MV Nuoc mat em lau bang tinh yeu moi<\/h4>\n\n\n\n<figure class=\"wp-block-embed-youtube wp-block-embed is-type-video is-provider-youtube wp-embed-aspect-16-9 wp-has-aspect-ratio\"><div class=\"wp-block-embed__wrapper\">\n<iframe loading=\"lazy\" title=\"Nu\u031bo\u031b\u0301c Ma\u0306\u0301t Em Lau Ba\u0306\u0300ng Ti\u0300nh Ye\u0302u Mo\u031b\u0301i - Da LAB ft. To\u0301c Tie\u0302n (Official MV)\" width=\"990\" height=\"557\" src=\"https:\/\/www.youtube.com\/embed\/GQ4F9k4USfA?feature=oembed\" frameborder=\"0\" allow=\"accelerometer; autoplay; clipboard-write; encrypted-media; gyroscope; picture-in-picture\" allowfullscreen><\/iframe>\n<\/div><\/figure>\n\n\n\n<h4>MV On your side<\/h4>\n\n\n\n<figure class=\"wp-block-embed-youtube wp-block-embed is-type-video is-provider-youtube wp-embed-aspect-16-9 wp-has-aspect-ratio\"><div class=\"wp-block-embed__wrapper\">\n<iframe loading=\"lazy\" title=\"L\u00e2m Vissay    On Your Side\" width=\"990\" height=\"557\" src=\"https:\/\/www.youtube.com\/embed\/c0Xh7uPodeA?feature=oembed\" frameborder=\"0\" allow=\"accelerometer; autoplay; clipboard-write; encrypted-media; gyroscope; picture-in-picture\" allowfullscreen><\/iframe>\n<\/div><\/figure>\n\n\n\n<h4> L\u00e2m Vissay on Soundcloud<\/h4>\n\n\n\n<figure class=\"wp-block-embed-soundcloud wp-block-embed is-type-rich is-provider-soundcloud wp-embed-aspect-4-3 wp-has-aspect-ratio\"><div class=\"wp-block-embed__wrapper\">\n<iframe loading=\"lazy\" title=\"Vissay\" width=\"990\" height=\"450\" scrolling=\"no\" frameborder=\"no\" src=\"https:\/\/w.soundcloud.com\/player\/?visual=true&#038;url=https%3A%2F%2Fapi.soundcloud.com%2Fusers%2F13381758&#038;show_artwork=true&#038;maxwidth=990&#038;maxheight=1000&#038;dnt=1\"><\/iframe>\n<\/div><\/figure>\n\n\n\n<p>L\u00e2m Vissay is a German actor and singer-songwriter with Vietnamese-Laotian roots.<\/p>\n\n\n\n<p>After countless film and theater productions in Germany and Vietnam he calls Saigon his hometown where he is currently recording his first Album:&nbsp;<\/p>\n\n\n\n<p>\u201cQu\u00ean lu\u00f4n h\u1ebft \u0111i\u201d.<\/p>\n\n\n\n<p>His musical influences are Damien Rice, David Bowie and Muse.&nbsp;<\/p>\n\n\n\n<p>L\u00e2m Vissay:<\/p>\n\n\n\n<p>\u201cI like to take the audience through a musical journey with my songs and share with them the story behind. If everyone goes home with the feeling that they had a nice entertaining night and heard some soulful songs that inspires them, I am more than happy.\u201d<\/p>\n\n\n\n<p>Music Genre: Indie, Folk, Alternative, Rock-Pop, Jazz<\/p>\n\n\n\n<p>Theo d\u00f5i\/follow L\u00e2m Vissay here:<\/p>\n\n\n\n<ul><li>\u25ba&nbsp;<a href=\"https:\/\/www.youtube.com\/lamvissay\" target=\"_blank\" rel=\"noreferrer noopener\" aria-label=\"YouTube: https:\/\/www.youtube.com\/lamvissay&nbsp; (\u00f6ffnet in neuem Tab)\">YouTube: https:\/\/www.youtube.com\/lamvissay&nbsp;<\/a><\/li><li>\u25ba&nbsp;<a href=\"https:\/\/www.instagram.com\/vissay\" target=\"_blank\" rel=\"noreferrer noopener\" aria-label=\"Instagram: https:\/\/www.instagram.com\/vissay (\u00f6ffnet in neuem Tab)\">Instagram: https:\/\/www.instagram.com\/vissay<\/a><\/li><li>\u25ba&nbsp;<a href=\"https:\/\/www.facebook.com\/vissayL\" target=\"_blank\" rel=\"noreferrer noopener\" aria-label=\"Facebook: https:\/\/www.facebook.com\/vissayL (\u00f6ffnet in neuem Tab)\">Facebook: https:\/\/www.facebook.com\/vissayL<\/a><\/li><li>\u25ba&nbsp;<a href=\"https:\/\/www.facebook.com\/vissay\" target=\"_blank\" rel=\"noreferrer noopener\" aria-label=\"Fanpage:&nbsp;https:\/\/www.facebook.com\/vissay (\u00f6ffnet in neuem Tab)\">Fanpage:&nbsp;https:\/\/www.facebook.com\/vissay<\/a><\/li><\/ul>\n","protected":false},"excerpt":{"rendered":"<p>MV Toi da sai\/I was wrong MV Thang Dien\/The crazy man MV Nuoc mat em lau bang tinh yeu moi MV On your side L\u00e2m Vissay on Soundcloud L\u00e2m Vissay<a href=\"https:\/\/vissay.com\/?page_id=20\" class=\"more-link\"><span class=\"readmore\">Continue reading<span class=\"screen-reader-text\">music<\/span><\/span><\/a><\/p>\n","protected":false},"author":1,"featured_media":0,"parent":0,"menu_order":0,"comment_status":"closed","ping_status":"closed","template":"","meta":[],"jetpack_sharing_enabled":true,"_links":{"self":[{"href":"https:\/\/vissay.com\/index.php?rest_route=\/wp\/v2\/pages\/20"}],"collection":[{"href":"https:\/\/vissay.com\/index.php?rest_route=\/wp\/v2\/pages"}],"about":[{"href":"https:\/\/vissay.com\/index.php?rest_route=\/wp\/v2\/types\/page"}],"author":[{"embeddable":true,"href":"https:\/\/vissay.com\/index.php?rest_route=\/wp\/v2\/users\/1"}],"replies":[{"embeddable":true,"href":"https:\/\/vissay.com\/index.php?rest_route=%2Fwp%2Fv2%2Fcomments&post=20"}],"version-history":[{"count":6,"href":"https:\/\/vissay.com\/index.php?rest_route=\/wp\/v2\/pages\/20\/revisions"}],"predecessor-version":[{"id":254,"href":"https:\/\/vissay.com\/index.php?rest_route=\/wp\/v2\/pages\/20\/revisions\/254"}],"wp:attachment":[{"href":"https:\/\/vissay.com\/index.php?rest_route=%2Fwp%2Fv2%2Fmedia&parent=20"}],"curies":[{"name":"wp","href":"https:\/\/api.w.org\/{rel}","templated":true}]}}