{"id":6,"date":"2020-02-07T19:05:07","date_gmt":"2020-02-07T19:05:07","guid":{"rendered":"http:\/\/vissay.com\/?page_id=6"},"modified":"2020-02-22T00:44:40","modified_gmt":"2020-02-21T17:44:40","slug":"film","status":"publish","type":"page","link":"https:\/\/vissay.com\/?page_id=6","title":{"rendered":"film"},"content":{"rendered":"\n<hr class=\"wp-block-separator\"\/>\n\n\n\n<h4>Acting Reel<\/h4>\n\n\n\n<figure class=\"wp-block-embed-youtube wp-block-embed is-type-video is-provider-youtube wp-embed-aspect-16-9 wp-has-aspect-ratio\"><div class=\"wp-block-embed__wrapper\">\n<iframe loading=\"lazy\" title=\"Lam Vissay   Acting Reel\" width=\"990\" height=\"557\" src=\"https:\/\/www.youtube.com\/embed\/vOy5_mqRJrs?feature=oembed\" frameborder=\"0\" allow=\"accelerometer; autoplay; clipboard-write; encrypted-media; gyroscope; picture-in-picture\" allowfullscreen><\/iframe>\n<\/div><\/figure>\n\n\n\n<h4>Commercial Reel<\/h4>\n\n\n\n<figure class=\"wp-block-embed-youtube wp-block-embed is-type-video is-provider-youtube wp-embed-aspect-16-9 wp-has-aspect-ratio\"><div class=\"wp-block-embed__wrapper\">\n<iframe loading=\"lazy\" title=\"Lam Vissay  - Commercial Reel\" width=\"990\" height=\"557\" src=\"https:\/\/www.youtube.com\/embed\/C9jpP5DlCe4?feature=oembed\" frameborder=\"0\" allow=\"accelerometer; autoplay; clipboard-write; encrypted-media; gyroscope; picture-in-picture\" allowfullscreen><\/iframe>\n<\/div><\/figure>\n\n\n\n<hr class=\"wp-block-separator\"\/>\n\n\n\n<p>L\u00e2m Vissay is a German actor and singer-songwriter with Vietnamese-Laotian roots.<br><br>He has a great passion and lifelong devotion to the performing arts both in front of and behind the screen and stage.  Some of his most rewarding and challenging experiences have come from &#8216;treading the boards&#8217;. Among them, he has performed on some prestigious German stages like the M\u00fcnchner Kammperspiele (\u201cBefore Sunrise\u201d, director: Thomas Ostermeier). He played live Open Air Theater in front of eight thousand people at the Karl-May-Festspiele Bad Segeberg, taking on the role of the Chinese laundry owner who was the only one speaking high German. <\/p>\n\n\n\n<figure class=\"wp-block-image size-large\"><img decoding=\"async\" loading=\"lazy\" width=\"1024\" height=\"683\" src=\"http:\/\/vissay.com\/wp-content\/uploads\/2020\/02\/Karl-May-Spiele-2010-2-1024x683.jpg\" alt=\"\" class=\"wp-image-310\" srcset=\"https:\/\/vissay.com\/wp-content\/uploads\/2020\/02\/Karl-May-Spiele-2010-2-1024x683.jpg 1024w, https:\/\/vissay.com\/wp-content\/uploads\/2020\/02\/Karl-May-Spiele-2010-2-300x200.jpg 300w, https:\/\/vissay.com\/wp-content\/uploads\/2020\/02\/Karl-May-Spiele-2010-2-768x512.jpg 768w, https:\/\/vissay.com\/wp-content\/uploads\/2020\/02\/Karl-May-Spiele-2010-2-1536x1024.jpg 1536w, https:\/\/vissay.com\/wp-content\/uploads\/2020\/02\/Karl-May-Spiele-2010-2-2048x1366.jpg 2048w, https:\/\/vissay.com\/wp-content\/uploads\/2020\/02\/Karl-May-Spiele-2010-2-1200x800.jpg 1200w\" sizes=\"(max-width: 1024px) 100vw, 1024px\" \/><\/figure>\n\n\n\n<figure class=\"wp-block-image size-large\"><img decoding=\"async\" loading=\"lazy\" width=\"1024\" height=\"768\" src=\"http:\/\/vissay.com\/wp-content\/uploads\/2020\/02\/P6180218-1024x768.jpg\" alt=\"\" class=\"wp-image-311\" srcset=\"https:\/\/vissay.com\/wp-content\/uploads\/2020\/02\/P6180218-1024x768.jpg 1024w, https:\/\/vissay.com\/wp-content\/uploads\/2020\/02\/P6180218-300x225.jpg 300w, https:\/\/vissay.com\/wp-content\/uploads\/2020\/02\/P6180218-768x576.jpg 768w, https:\/\/vissay.com\/wp-content\/uploads\/2020\/02\/P6180218-1536x1152.jpg 1536w, https:\/\/vissay.com\/wp-content\/uploads\/2020\/02\/P6180218-2048x1536.jpg 2048w\" sizes=\"(max-width: 1024px) 100vw, 1024px\" \/><\/figure>\n\n\n\n<p>During a performance of Shakespeare&#8217;s A Midsummer night\u2019s dream where he played Puck, he tore all his ligaments on both sides of his knees, remembering to always give 100% to the role! But he is fully recovered now and keeps in shape by regularly running five kilometers. In his twenty years of filmmaking he has acted in many German movies and TV series before relocating to Asia where he has been building up a solid career, acting in many theatrical movies. He was an American professor in the Indie film \u201cM.I.A. \u2013 A Greater Evil\u201d which was shot in the jungle of Thailand. <\/p>\n\n\n\n<p>Now based in Saigon, Vietnam, he has been twice nominated as best actor at the Vietnamese VTV Film awards and starred in the music video \u201cThang Dien\/the crazy man\u201d which has more than 120 million views on YouTube.  <\/p>\n\n\n\n<p>Things seemed to come full circle when he performed a piece of Bertolt Brecht at the Vietnamese opera house with the German federal president Steinmeier as a special guest. <\/p>\n\n\n\n<figure class=\"wp-block-image size-large\"><img decoding=\"async\" loading=\"lazy\" width=\"960\" height=\"960\" src=\"http:\/\/vissay.com\/wp-content\/uploads\/2020\/02\/Steinmeier-u-Vissay.jpg\" alt=\"\" class=\"wp-image-309\" srcset=\"https:\/\/vissay.com\/wp-content\/uploads\/2020\/02\/Steinmeier-u-Vissay.jpg 960w, https:\/\/vissay.com\/wp-content\/uploads\/2020\/02\/Steinmeier-u-Vissay-300x300.jpg 300w, https:\/\/vissay.com\/wp-content\/uploads\/2020\/02\/Steinmeier-u-Vissay-150x150.jpg 150w, https:\/\/vissay.com\/wp-content\/uploads\/2020\/02\/Steinmeier-u-Vissay-768x768.jpg 768w, https:\/\/vissay.com\/wp-content\/uploads\/2020\/02\/Steinmeier-u-Vissay-640x640.jpg 640w\" sizes=\"(max-width: 960px) 100vw, 960px\" \/><\/figure>\n\n\n\n<p>He hopes to maintain and continue working everywhere in the world as an artist. He has many ideas for films and is developing several of his own projects, one of which was inspired by a meeting with the Dalai Lama who he has a selfie with. How? Well that is a long story&#8230;<\/p>\n\n\n\n<figure class=\"wp-block-image size-large\"><img decoding=\"async\" loading=\"lazy\" width=\"1024\" height=\"768\" src=\"http:\/\/vissay.com\/wp-content\/uploads\/2020\/02\/Dalai-Lama-and-Vissay-1-1024x768.jpg\" alt=\"\" class=\"wp-image-308\" srcset=\"https:\/\/vissay.com\/wp-content\/uploads\/2020\/02\/Dalai-Lama-and-Vissay-1-1024x768.jpg 1024w, https:\/\/vissay.com\/wp-content\/uploads\/2020\/02\/Dalai-Lama-and-Vissay-1-300x225.jpg 300w, https:\/\/vissay.com\/wp-content\/uploads\/2020\/02\/Dalai-Lama-and-Vissay-1-768x576.jpg 768w, https:\/\/vissay.com\/wp-content\/uploads\/2020\/02\/Dalai-Lama-and-Vissay-1.jpg 1080w\" sizes=\"(max-width: 1024px) 100vw, 1024px\" \/><\/figure>\n\n\n\n<hr class=\"wp-block-separator\"\/>\n\n\n\n<p>Phim \u0111\u1ea7u ti\u00ean L\u00e2m l\u00e0m \u0111\u1ea1o di\u1ec5n, bi\u00ean k\u1ecbch, s\u1ea3n xu\u1ea5t v\u00e0 \u0111\u00f3ng cho phim \u201cM\u1edf Kho\u00e1\u201d:<br>\/<br>My first short film with the title &#8220;UnLOCK&#8221; where I wrote the script, directed, produced and am starring in:<\/p>\n\n\n\n<figure class=\"wp-block-embed-youtube wp-block-embed is-type-video is-provider-youtube wp-embed-aspect-16-9 wp-has-aspect-ratio\"><div class=\"wp-block-embed__wrapper\">\n<iframe loading=\"lazy\" title=\"M\u1edf Kho\u00e1\/UnLOCK - short film\" width=\"990\" height=\"557\" src=\"https:\/\/www.youtube.com\/embed\/5QPjhTVvXwY?feature=oembed\" frameborder=\"0\" allow=\"accelerometer; autoplay; clipboard-write; encrypted-media; gyroscope; picture-in-picture\" allowfullscreen><\/iframe>\n<\/div><\/figure>\n\n\n\n<hr class=\"wp-block-separator\"\/>\n\n\n\n<p>Phim th\u1ee9 2 L\u00e2m c\u0169ng t\u1eebng l\u00e0m \u0111\u1ea1o di\u1ec5n, bi\u00ean k\u1ecbch, s\u1ea3n xu\u1ea5t v\u00e0 di\u1ec5n cho phim &#8220;Tim&#8221;:<br>\/<br>The 2nd film I directed with the title &#8220;HEART&#8221; where I also wrote the script, produced and am starring in:<\/p>\n\n\n\n<figure class=\"wp-block-embed-youtube wp-block-embed is-type-video is-provider-youtube wp-embed-aspect-16-9 wp-has-aspect-ratio\"><div class=\"wp-block-embed__wrapper\">\n<iframe loading=\"lazy\" title=\"Tim - short film\" width=\"990\" height=\"557\" src=\"https:\/\/www.youtube.com\/embed\/SW6VHvJJYBE?feature=oembed\" frameborder=\"0\" allow=\"accelerometer; autoplay; clipboard-write; encrypted-media; gyroscope; picture-in-picture\" allowfullscreen><\/iframe>\n<\/div><\/figure>\n\n\n\n<hr class=\"wp-block-separator\"\/>\n\n\n\n<h4>Resume for download<\/h4>\n\n\n\n<div class=\"wp-block-file\"><a href=\"http:\/\/vissay.com\/wp-content\/uploads\/2020\/02\/resume-Lam-Vissay.pdf\" class=\"wp-block-file__button\" download=\"\">Download<\/a><\/div>\n\n\n\n<hr class=\"wp-block-separator\"\/>\n\n\n\n<h4>Portfolio<\/h4>\n\n\n\n<div class=\"wp-block-file\"><a href=\"http:\/\/vissay.com\/wp-content\/uploads\/2020\/02\/Lam-Vissay-portfolio-2.pdf\" class=\"wp-block-file__button\" download=\"\">Download<\/a><\/div>\n\n\n\n<hr class=\"wp-block-separator\"\/>\n\n\n\n<h4>L<strong>\u00e2m Vissay on IMDB <\/strong><\/h4>\n\n\n\n<p><a rel=\"noreferrer noopener\" aria-label=\"https:\/\/www.imdb.com\/name\/nm2663086 (\u00f6ffnet in neuem Tab)\" href=\"https:\/\/www.imdb.com\/name\/nm2663086\" target=\"_blank\">Lam Vissay<\/a><\/p>\n\n\n\n<p> <\/p>\n\n\n\n<hr class=\"wp-block-separator\"\/>\n\n\n\n<h4><strong>International Representative:<\/strong><\/h4>\n\n\n\n<p><a rel=\"noreferrer noopener\" href=\"https:\/\/pro.imdb.com\/company\/co0312884\/?ref_=nm_cc_nm_2\" target=\"_blank\">Random Management<\/a><\/p>\n\n\n\n<p><a rel=\"noreferrer noopener\" href=\"https:\/\/pro.imdb.com\/name\/nm4141839\/?ref_=nm_cc_nm_2_rep_1\" target=\"_blank\">Sonya Marturano<\/a> &nbsp; +61 411037733 phone <\/p>\n\n\n\n<p><a rel=\"noreferrer noopener\" href=\"mailto:sonya@randommanagement.com.au\" target=\"_blank\">sonya@randommanagement.com.au<\/a> &nbsp; <\/p>\n\n\n\n<p>16 Princess Avenue Rosebery, NSW 2018 Australia &nbsp; <\/p>\n\n\n\n<hr class=\"wp-block-separator\"\/>\n\n\n\n<h4><strong>German Representative:<\/strong><\/h4>\n\n\n\n<p><a rel=\"noreferrer noopener\" href=\"https:\/\/pro.imdb.com\/company\/co0085514\/?ref_=nm_cc_nm_1\" target=\"_blank\">International Actors<\/a><\/p>\n\n\n\n<p><a rel=\"noreferrer noopener\" href=\"https:\/\/pro.imdb.com\/name\/nm0651888\/?ref_=nm_cc_nm_1_rep_1\" target=\"_blank\">Rudolf Oshege<\/a> &nbsp; +49 (0)179 4731602  <\/p>\n\n\n\n<p><a rel=\"noreferrer noopener\" href=\"mailto:info@international-actors.de\" target=\"_blank\">info@international-actors.de<\/a> &nbsp; <\/p>\n\n\n\n<p>Postfach 310124 Berlin 10631 Germany <\/p>\n","protected":false},"excerpt":{"rendered":"<p>Acting Reel Commercial Reel L\u00e2m Vissay is a German actor and singer-songwriter with Vietnamese-Laotian roots. He has a great passion and lifelong devotion to the performing arts both in front<a href=\"https:\/\/vissay.com\/?page_id=6\" class=\"more-link\"><span class=\"readmore\">Continue reading<span class=\"screen-reader-text\">film<\/span><\/span><\/a><\/p>\n","protected":false},"author":1,"featured_media":0,"parent":0,"menu_order":0,"comment_status":"closed","ping_status":"closed","template":"","meta":[],"jetpack_sharing_enabled":true,"_links":{"self":[{"href":"https:\/\/vissay.com\/index.php?rest_route=\/wp\/v2\/pages\/6"}],"collection":[{"href":"https:\/\/vissay.com\/index.php?rest_route=\/wp\/v2\/pages"}],"about":[{"href":"https:\/\/vissay.com\/index.php?rest_route=\/wp\/v2\/types\/page"}],"author":[{"embeddable":true,"href":"https:\/\/vissay.com\/index.php?rest_route=\/wp\/v2\/users\/1"}],"replies":[{"embeddable":true,"href":"https:\/\/vissay.com\/index.php?rest_route=%2Fwp%2Fv2%2Fcomments&post=6"}],"version-history":[{"count":20,"href":"https:\/\/vissay.com\/index.php?rest_route=\/wp\/v2\/pages\/6\/revisions"}],"predecessor-version":[{"id":315,"href":"https:\/\/vissay.com\/index.php?rest_route=\/wp\/v2\/pages\/6\/revisions\/315"}],"wp:attachment":[{"href":"https:\/\/vissay.com\/index.php?rest_route=%2Fwp%2Fv2%2Fmedia&parent=6"}],"curies":[{"name":"wp","href":"https:\/\/api.w.org\/{rel}","templated":true}]}}